6*x, 0 = 2*x. Calculate the remainder when g is divided by 14.
12
Suppose 3*m = 1278 - 1257. Let a(z) = 13*z - 85. What is the remainder when a(m) is divided by 4?
2
Suppose -33*m + 57 = 9*m - 741. Calculate the remainder when 244 is divided by m.
16
Let l be 16 - 13 - (2 + -3). Suppose l*j = -3*c + 7, 4*c + 2*j = -c + 21. Suppose -60 - 25 = -c*y. What is the remainder when 47 is divided by y?
13
Let j(r) = -r**2 + 8*r + 22. Let u be j(10). Let b(k) = -1 - 2*k + 9 + 65*k**u - 54*k**2. Calculate the remainder when b(-3) is divided by 19.
18
Suppose 0 = -4*h + 2*c - 0*c + 1280, 2*c - 4 = 0. Suppose 3*v + 2*d = h, 0*d - 6 = 2*d. What is the remainder when v is divided by 56?
53
Let q be (-2)/(-37) + (-1521)/1443. Let b(m) = 21*m**2 + 5*m + 7. Calculate the remainder when 78/((-1)/(0 - 1)) is divided by b(q).
9
Suppose 2*v + 16 = 52. Suppose -5*c + 384 = 3*z - 2*c, -c - 502 = -4*z. Calculate the remainder when 1832/v + 28/z - 1 is divided by 21.
17
Let s(q) = q**3 + 7*q**2 + 6*q + 19. What is the remainder when 144 is divided by s(-6)?
11
Suppose f - 57 = 2391*r - 2387*r, 4*f - 108 = -4*r. Suppose -o + 256 = n - 2*o, n - 268 = -5*o. What is the remainder when n is divided by f?
27
Let m be (-6 + 1)*22/(-3)*3. Let u be m/30 + (-1)/(-3). Suppose -u*h - 39 = -147. Calculate the remainder when 51 is divided by h.
24
Let j be 318/371 - (86/14)/(-1). Suppose 3*h = -0*h + z + 79, 0 = -5*h + 3*z + 125. Let x = h - j. Calculate the remainder when 124 is divided by x.
19
Let g be 10/4 + -2 + 159/(-6). Let o = 29 + g. Suppose -3*i = -4*l - 76, -o*l + 6 = 5*i - 140. Calculate the remainder when i is divided by 8.
4
Let y be 5*235*(-4)/(-10). Suppose 3*n + 179 = y. Suppose 4*g - 3*g = -5*m + 73, 3*m + 5*g = 57. Calculate the remainder when n is divided by m.
13
Let m be ((-20)/25)/(3/(-15)). Suppose -m*q + 1050 - 6 = 0. Calculate the remainder when q is divided by 24.
21
Let m(p) = -p**3 + 6*p**2 - p - 3. Let o = -41 + 47. Let l be m(o). Let q = 23 + l. Calculate the remainder when 81 is divided by q.
11
Let d = -248 - -230. What is the remainder when 42 is divided by (-2)/d - (1 - 1449/81)?
8
Let x = 1069 + -1050. Suppose -a = -1, -n - 3 = -5*n + a. Suppose -m + n + 88 = 0. Calculate the remainder when m is divided by x.
13
Let f = -198 - -204. Suppose 0 = -2*c - 4, -f + 4 = 2*n + 5*c. Calculate the remainder when 206 is divided by n.
2
Let h = -105 - -112. Suppose h*v - 446 = -12. Calculate the remainder when v is divided by (-132)/(-16) + 1/(-4).
6
Let q be -12 - (-3 + 4 - 9). Let r(i) = -4*i + 37. What is the remainder when 368 is divided by r(q)?
50
Let t(z) = 2*z**2 - 15*z + 162. Let b be t(30). Suppose 10*n - b - 1518 = 0. Calculate the remainder when n is divided by 38.
37
Let m be ((-1276)/72 + 2/9)*2. Let a = -33 - m. Suppose v = a*v - 13. Calculate the remainder when 37 is divided by v.
11
Let y = 17 - 2. Suppose -3*k = 107 - 92. What is the remainder when 43 - 2 - (2 + k) is divided by y?
14
Let i(l) = 17*l - 100. Let t be i(5). What is the remainder when 36 is divided by (2 - t/10)*(3 - -1)?
8
Let x(b) = b**3 + 29*b**2 - 181*b - 26. What is the remainder when x(11) is divided by 1407?
9
Let t = -37 - -85. Calculate the remainder when (6136/(-118))/(20/(-55)) is divided by t.
47
Suppose -2*t + 7*h = 4*h - 401, 3*h = -15. Suppose -8*s + 327 + t = 0. Calculate the remainder when s is divided by 17.
14
Let z(j) = -j**3 + 8*j**2 - 4*j - 5. Let m be z(7). Suppose -w = -r + 15, 2*w + m = 26. What is the remainder when 52 is divided by r?
12
Let u(w) = 3*w**2 - 2*w + 19. Let d(g) = g**2 - 13*g + 22. Let r be d(11). What is the remainder when 92 is divided by u(r)?
16
Suppose -28 = -6*w + 2. Suppose 7*o - 14 - 21 = 0. Suppose o*f - 60 - 2 = g, w*f - 3*g - 56 = 0. Calculate the remainder when 49 is divided by f.
10
Let q = 103 - 93. Suppose -4*x + 5*f + q = x, -4*f + 46 = 5*x. What is the remainder when 14 is divided by x?
2
Let y(x) be the second derivative of -3*x**5/20 - 3*x**4/4 + 7*x**3/6 + x**2/2 + 21*x. Suppose h + 11 = 6. What is the remainder when y(h) is divided by 30?
26
Suppose 0 = 186*j - 200*j + 5446. Suppose -w + j = 5*a, 2*a + 311 = 6*a + w. Calculate the remainder when 289 is divided by a.
55
Suppose -5*x + 4*p = 4, 0 = 2*x + p - 9 + 8. Suppose x*n - 96 = -8*n. Calculate the remainder when 41 is divided by n.
5
Suppose 9*h - 817 = 2*h + 2354. Calculate the remainder when h is divided by 9.
3
Let k be 728/(-21) + 0 + 4/(-3). What is the remainder when 151 is divided by 6 - ((k - -5) + -4)?
28
Suppose 14*z - 46 = 13*z. Let a be (2 - 0/(-2)) + 1. Suppose h = -4*h + t + 41, -h = -a*t - 11. What is the remainder when z is divided by h?
6
Let c(l) = -27*l - 5. Let f(s) = -28*s - 4. Let o(b) = 3*c(b) - 2*f(b). Suppose -71*t + 118*t = 960 + 168. Calculate the remainder when o(-5) is divided by t.
22
Suppose 28*g = 71*g - 2365. What is the remainder when 125 is divided by g?
15
Let o = 423 - 353. What is the remainder when 5233/5 - 7/(o/(-4)) is divided by 15?
12
Suppose -8 = -2*q - 0, -3*q - 62 = -2*n. Calculate the remainder when 959 is divided by n.
34
Let l = -2 - -4. What is the remainder when 131 is divided by 0 + -2 - l - (-32 - -2)?
1
Let h = -87 - -91. Suppose 0 = -2*y + 3*g + 112, 5*y = 3*y + h*g + 116. Let b = y - -23. Calculate the remainder when b is divided by 38.
35
Suppose 3*q + 10*p - 40 = 9*p, 0 = -p + 1. Let s be 4/(-4 - 26/(-6)). Calculate the remainder when 3/s - 3075/(-20) is divided by q.
11
Let b = -173 + 295. Calculate the remainder when (b/8)/((-1)/(-8)) is divided by 26 + 5 + 4 + -4.
29
Suppose 4*a = -9 + 141. What is the remainder when 6112/68 - 64/(-544) is divided by a?
24
Suppose l + 3*l = 460. Suppose 5*y - 10*y = -l. Let g = 4 + y. What is the remainder when g is divided by 14?
13
Let z(q) = 2*q**2 + 28*q - 35. Let v be z(-17). Let w = 68 - v. Let r(c) = 23*c - 9. Calculate the remainder when 40 is divided by r(w).
12
Let c(q) = 68*q**2 + 62*q - 63. Calculate the remainder when c(-8) is divided by 190.
183
Let n be (704/24)/11 + 2/6. Suppose 2*c + 2*y + 9 - 43 = 0, n*y + 49 = 2*c. What is the remainder when c is divided by 13?
7
Suppose -4*t + 297 + 795 = -4*q, 4*t = -2*q - 558. Let s = 307 + q. Calculate the remainder when s is divided by 1/(1 - (-17)/(-18)).
14
Let f(x) = -58*x + 68. Let s(u) = 171*u - 205. Let v(p) = -8*f(p) - 3*s(p). Calculate the remainder when v(-3) is divided by 37.
33
Suppose 0 = 2*k + 3*f + 6, -16*f = -k - 15*f - 3. What is the remainder when 40 is divided by ((-124)/16)/(k/12)?
9
Let w = 38594 - 36970. Calculate the remainder when w is divided by 45.
4
Suppose j = -8*x + 39000, 3*x = j + j + 14625. What is the remainder when x is divided by 46?
45
Suppose 18*f - 19*f - 1 = 0. Calculate the remainder when ((-54)/(-90))/(f*(-2)/150) is divided by 16.
13
Let g = -6796 + 6822. Calculate the remainder when 11541 is divided by g.
23
Let k(v) = 74*v - 4556. Calculate the remainder when 8574 is divided by k(62).
30
What is the remainder when (148/1*(-9 + (-330)/(-44)))/(-2) is divided by 38?
35
Let v(k) = -k**2 - 28*k + 23. Suppose 2*l - 19 = -75. Calculate the remainder when v(l) is divided by 16.
7
Let m = 1960 + -1899. Calculate the remainder when 1454 is divided by m.
51
Let y(q) = -263*q. Let k be y(-3). Suppose 9*r - k = -105. Let x = -72 + r. What is the remainder when 13 is divided by x?
1
Let m = -11 + 80. What is the remainder when m is divided by ((-12)/18*-78)/((-4)/(-2))?
17
Suppose 3*b = -2*l + 621, 8*b + 5*l = 11*b - 579. What is the remainder when 6495 is divided by b?
202
Suppose 5*s = r + 74, -5*r + 59 = 4*s - 6. Let w be -21*(8/(-6) - -1). Suppose 0 = -2*g + w*g - 435. Calculate the remainder when g is divided by s.
12
Let n = -6566 - -6844. Calculate the remainder when n is divided by 133.
12
Suppose 196 = -4*z - 2*g - 114, 3*g = -9. What is the remainder when (5/3)/((-2)/(-180)) is divided by (z/(-3))/((36/(-27))/(-2))?
36
Let u = 926 - 773. Let a = 266 + -252. What is the remainder when u is divided by a?
13
Let v(i) = 61*i - 42. Let b(k) = 21*k - 14. Let z(l) = 17*b(l) - 6*v(l). Calculate the remainder when z(-17) is divided by 34.
31
Let s be (-30)/(-8) - (-24)/(-32). Suppose -q - 3*q + 332 = 5*p, 2*q + 186 = s*p. Calculate the remainder when 251 is divided by p.
59
Let